{"id":142,"date":"2022-04-12T10:26:18","date_gmt":"2022-04-12T10:26:18","guid":{"rendered":"http:\/\/localhost\/prueba\/?page_id=142"},"modified":"2022-04-27T06:35:53","modified_gmt":"2022-04-27T06:35:53","slug":"contacto","status":"publish","type":"page","link":"https:\/\/jesusatado.com\/?page_id=142","title":{"rendered":"Contacto"},"content":{"rendered":"<p><strong>Domicilio Social<\/strong><br \/>\nEl domicilio social esta ubicado en el Real Monasterio de Santa Clara, m\u00e1s conocido como Convento de Santa Clara, en el centro hist\u00f3rico de la ciudad, concretamente en la plaza de Cristo Rey donde nuestra Hermandad celebra sus cultos o servicios religiosos. Las Hermanas de la Orden de Santa Clara llegaron a Teruel en fecha que desconocemos. Primeramente tuvieron su primitivo convento en la parte de la ciudad llamada \u201cVillavieja\u201d , pero se ignora el tiempo que moraron en ese lugar.<br \/>\nLa Reina do\u00f1a Leonor de Sicilia, amante de esta Orden, viendo que el lugar donde moraban las religiosas no reun\u00eda las condiciones necesarias de protecci\u00f3n, pidi\u00f3 a su esposo Don Pedro IV el Ceremonioso, Rey de Arag\u00f3n, se dignara darles el Palacio Real de Teruel. De esta forma aquel real edificio paso a convertirse en Monasterio para las hijas de Santa Clara, bajo la invocaci\u00f3n de Santa Catalina. Este privilegio de donaci\u00f3n se produjo en mayo de 1367. Unos a\u00f1os m\u00e1s tarde el el 10 de junio de 1369, fue entregado a las clarisas. Se empez\u00f3 a habitar este Monasterio con 40 religiosas. D\u00aa. Elvira L\u00f3pez D\u00b4Arbre con fecha 23 de agosto de 1398, fue una de las primeras Abadesas de este Monasterio y persona de familia principal. Actualmente conviven en este convento 6 religiosas. Aunque en el mismo han convivido hasta 64 religiosas.<br \/>\n<strong>Direcci\u00f3n:<\/strong><br \/>\nHermandad de Jes\u00fas Atado a la Columna y de Ntra. Sra. de la Esperanza.<br \/>\nConvento de Santa Clara \u2013 Plaza de Cristo Rey, 3<br \/>\n44001-TERUEL<\/p>\n<div style=\"text-align: center;\"><\/div>\n<div style=\"text-align: center;\">\n\n<div class=\"wpcf7 no-js\" id=\"wpcf7-f348-o1\" lang=\"es-ES\" dir=\"ltr\" data-wpcf7-id=\"348\">\n<div class=\"screen-reader-response\"><p role=\"status\" aria-live=\"polite\" aria-atomic=\"true\"><\/p> <ul><\/ul><\/div>\n<form action=\"\/index.php?rest_route=%2Fwp%2Fv2%2Fpages%2F142#wpcf7-f348-o1\" method=\"post\" class=\"wpcf7-form init\" aria-label=\"Formulario de contacto\" novalidate=\"novalidate\" data-status=\"init\">\n<div style=\"display: none;\">\n<input type=\"hidden\" name=\"_wpcf7\" value=\"348\" \/>\n<input type=\"hidden\" name=\"_wpcf7_version\" value=\"6.0.6\" \/>\n<input type=\"hidden\" name=\"_wpcf7_locale\" value=\"es_ES\" \/>\n<input type=\"hidden\" name=\"_wpcf7_unit_tag\" value=\"wpcf7-f348-o1\" \/>\n<input type=\"hidden\" name=\"_wpcf7_container_post\" value=\"0\" \/>\n<input type=\"hidden\" name=\"_wpcf7_posted_data_hash\" value=\"\" \/>\n<\/div>\n<p><label style=\"text-align:left\"> Tu nombre<br \/>\n<span class=\"wpcf7-form-control-wrap\" data-name=\"your-name\"><input size=\"40\" maxlength=\"400\" class=\"wpcf7-form-control wpcf7-text wpcf7-validates-as-required\" aria-required=\"true\" aria-invalid=\"false\" value=\"\" type=\"text\" name=\"your-name\" \/><\/span> <\/label>\n<\/p>\n<p><label style=\"text-align:left\"> Tu correo electr\u00f3nico<br \/>\n<span class=\"wpcf7-form-control-wrap\" data-name=\"your-email\"><input size=\"40\" maxlength=\"400\" class=\"wpcf7-form-control wpcf7-email wpcf7-validates-as-required wpcf7-text wpcf7-validates-as-email\" aria-required=\"true\" aria-invalid=\"false\" value=\"\" type=\"email\" name=\"your-email\" \/><\/span> <\/label>\n<\/p>\n<p><label style=\"text-align:left\"> Asunto<br \/>\n<span class=\"wpcf7-form-control-wrap\" data-name=\"your-subject\"><input size=\"40\" maxlength=\"400\" class=\"wpcf7-form-control wpcf7-text wpcf7-validates-as-required\" aria-required=\"true\" aria-invalid=\"false\" value=\"\" type=\"text\" name=\"your-subject\" \/><\/span> <\/label>\n<\/p>\n<p><label style=\"text-align:left\"> Tu mensaje (opcional)<br \/>\n<span class=\"wpcf7-form-control-wrap\" data-name=\"your-message\"><textarea cols=\"40\" rows=\"10\" maxlength=\"2000\" class=\"wpcf7-form-control wpcf7-textarea\" aria-invalid=\"false\" name=\"your-message\"><\/textarea><\/span> <\/label>\n<\/p>\n<div class=\"col-xs-12 col-sm-12 col-md-8 col-lg-4 offset-lg-4 offset-md-2\">\n\t<p style=\"text-align:center\"><br \/>\n\t\t\t<span class=\"wpfc-slidercaptcha wpfc-card wpcf7-form-control-wrap puzzlecaptcha-55\">\r\n\t\t\t\t<span class=\"wpfc-card-header\">\r\n\t\t\t\t\t<span>Verifica que eres humano.<\/span>\r\n\t\t\t\t<\/span>\r\n\t\t\t\t<div class=\"wpfc-card-body\"><div data-heading=\"Verifica que eres humano.\" data-slider=\"Intenta resolver el puzzle\" data-tryagain=\"Prueba de nuevo\" data-form=\"cf7\" class=\"wpfc-captcha\"><\/div><\/div>\r\n\t\t\t<\/span>\r\n\t\t\t\n\t<\/p>\n<\/div>\n<div class=\"col-xs-12 col-sm-12 col-md-8 col-lg-4 offset-lg-5 offset-md-3\">\n\t<p><input class=\"wpcf7-form-control wpcf7-submit has-spinner\" type=\"submit\" value=\"Enviar\" \/>\n\t<\/p>\n\t<div>\n\t<\/div>\n<\/div><div class=\"wpcf7-response-output\" aria-hidden=\"true\"><\/div>\n<\/form>\n<\/div>\n\n<\/div>\n","protected":false},"excerpt":{"rendered":"<p>Domicilio Social El domicilio social esta ubicado en el Real Monasterio de Santa Clara, m\u00e1s conocido como Convento de Santa Clara, en el centro hist\u00f3rico de la ciudad, concretamente en la plaza de Cristo Rey donde nuestra Hermandad celebra sus cultos o servicios religiosos. Las Hermanas de la Orden de Santa Clara llegaron a Teruel [&hellip;]<\/p>\n","protected":false},"author":2,"featured_media":0,"parent":0,"menu_order":0,"comment_status":"closed","ping_status":"closed","template":"","meta":{"footnotes":""},"class_list":["post-142","page","type-page","status-publish","hentry"],"yoast_head":"<!-- This site is optimized with the Yoast SEO plugin v27.2 - https:\/\/yoast.com\/product\/yoast-seo-wordpress\/ -->\n<title>Contacto -<\/title>\n<meta name=\"robots\" content=\"index, follow, max-snippet:-1, max-image-preview:large, max-video-preview:-1\" \/>\n<link rel=\"canonical\" href=\"https:\/\/jesusatado.com\/?page_id=142\" \/>\n<meta property=\"og:locale\" content=\"es_ES\" \/>\n<meta property=\"og:type\" content=\"article\" \/>\n<meta property=\"og:title\" content=\"Contacto -\" \/>\n<meta property=\"og:description\" content=\"Domicilio Social El domicilio social esta ubicado en el Real Monasterio de Santa Clara, m\u00e1s conocido como Convento de Santa Clara, en el centro hist\u00f3rico de la ciudad, concretamente en la plaza de Cristo Rey donde nuestra Hermandad celebra sus cultos o servicios religiosos. Las Hermanas de la Orden de Santa Clara llegaron a Teruel [&hellip;]\" \/>\n<meta property=\"og:url\" content=\"https:\/\/jesusatado.com\/?page_id=142\" \/>\n<meta property=\"article:modified_time\" content=\"2022-04-27T06:35:53+00:00\" \/>\n<meta name=\"twitter:card\" content=\"summary_large_image\" \/>\n<meta name=\"twitter:label1\" content=\"Tiempo de lectura\" \/>\n\t<meta name=\"twitter:data1\" content=\"2 minutos\" \/>\n<script type=\"application\/ld+json\" class=\"yoast-schema-graph\">{\"@context\":\"https:\/\/schema.org\",\"@graph\":[{\"@type\":\"WebPage\",\"@id\":\"https:\/\/jesusatado.com\/?page_id=142\",\"url\":\"https:\/\/jesusatado.com\/?page_id=142\",\"name\":\"Contacto -\",\"isPartOf\":{\"@id\":\"https:\/\/jesusatado.com\/#website\"},\"datePublished\":\"2022-04-12T10:26:18+00:00\",\"dateModified\":\"2022-04-27T06:35:53+00:00\",\"breadcrumb\":{\"@id\":\"https:\/\/jesusatado.com\/?page_id=142#breadcrumb\"},\"inLanguage\":\"es\",\"potentialAction\":[{\"@type\":\"ReadAction\",\"target\":[\"https:\/\/jesusatado.com\/?page_id=142\"]}]},{\"@type\":\"BreadcrumbList\",\"@id\":\"https:\/\/jesusatado.com\/?page_id=142#breadcrumb\",\"itemListElement\":[{\"@type\":\"ListItem\",\"position\":1,\"name\":\"Portada\",\"item\":\"https:\/\/jesusatado.com\/\"},{\"@type\":\"ListItem\",\"position\":2,\"name\":\"Contacto\"}]},{\"@type\":\"WebSite\",\"@id\":\"https:\/\/jesusatado.com\/#website\",\"url\":\"https:\/\/jesusatado.com\/\",\"name\":\"\",\"description\":\"Jes\u00fas Atado\",\"potentialAction\":[{\"@type\":\"SearchAction\",\"target\":{\"@type\":\"EntryPoint\",\"urlTemplate\":\"https:\/\/jesusatado.com\/?s={search_term_string}\"},\"query-input\":{\"@type\":\"PropertyValueSpecification\",\"valueRequired\":true,\"valueName\":\"search_term_string\"}}],\"inLanguage\":\"es\"}]}<\/script>\n<!-- \/ Yoast SEO plugin. -->","yoast_head_json":{"title":"Contacto -","robots":{"index":"index","follow":"follow","max-snippet":"max-snippet:-1","max-image-preview":"max-image-preview:large","max-video-preview":"max-video-preview:-1"},"canonical":"https:\/\/jesusatado.com\/?page_id=142","og_locale":"es_ES","og_type":"article","og_title":"Contacto -","og_description":"Domicilio Social El domicilio social esta ubicado en el Real Monasterio de Santa Clara, m\u00e1s conocido como Convento de Santa Clara, en el centro hist\u00f3rico de la ciudad, concretamente en la plaza de Cristo Rey donde nuestra Hermandad celebra sus cultos o servicios religiosos. Las Hermanas de la Orden de Santa Clara llegaron a Teruel [&hellip;]","og_url":"https:\/\/jesusatado.com\/?page_id=142","article_modified_time":"2022-04-27T06:35:53+00:00","twitter_card":"summary_large_image","twitter_misc":{"Tiempo de lectura":"2 minutos"},"schema":{"@context":"https:\/\/schema.org","@graph":[{"@type":"WebPage","@id":"https:\/\/jesusatado.com\/?page_id=142","url":"https:\/\/jesusatado.com\/?page_id=142","name":"Contacto -","isPartOf":{"@id":"https:\/\/jesusatado.com\/#website"},"datePublished":"2022-04-12T10:26:18+00:00","dateModified":"2022-04-27T06:35:53+00:00","breadcrumb":{"@id":"https:\/\/jesusatado.com\/?page_id=142#breadcrumb"},"inLanguage":"es","potentialAction":[{"@type":"ReadAction","target":["https:\/\/jesusatado.com\/?page_id=142"]}]},{"@type":"BreadcrumbList","@id":"https:\/\/jesusatado.com\/?page_id=142#breadcrumb","itemListElement":[{"@type":"ListItem","position":1,"name":"Portada","item":"https:\/\/jesusatado.com\/"},{"@type":"ListItem","position":2,"name":"Contacto"}]},{"@type":"WebSite","@id":"https:\/\/jesusatado.com\/#website","url":"https:\/\/jesusatado.com\/","name":"","description":"Jes\u00fas Atado","potentialAction":[{"@type":"SearchAction","target":{"@type":"EntryPoint","urlTemplate":"https:\/\/jesusatado.com\/?s={search_term_string}"},"query-input":{"@type":"PropertyValueSpecification","valueRequired":true,"valueName":"search_term_string"}}],"inLanguage":"es"}]}},"_links":{"self":[{"href":"https:\/\/jesusatado.com\/index.php?rest_route=\/wp\/v2\/pages\/142","targetHints":{"allow":["GET"]}}],"collection":[{"href":"https:\/\/jesusatado.com\/index.php?rest_route=\/wp\/v2\/pages"}],"about":[{"href":"https:\/\/jesusatado.com\/index.php?rest_route=\/wp\/v2\/types\/page"}],"author":[{"embeddable":true,"href":"https:\/\/jesusatado.com\/index.php?rest_route=\/wp\/v2\/users\/2"}],"replies":[{"embeddable":true,"href":"https:\/\/jesusatado.com\/index.php?rest_route=%2Fwp%2Fv2%2Fcomments&post=142"}],"version-history":[{"count":32,"href":"https:\/\/jesusatado.com\/index.php?rest_route=\/wp\/v2\/pages\/142\/revisions"}],"predecessor-version":[{"id":362,"href":"https:\/\/jesusatado.com\/index.php?rest_route=\/wp\/v2\/pages\/142\/revisions\/362"}],"wp:attachment":[{"href":"https:\/\/jesusatado.com\/index.php?rest_route=%2Fwp%2Fv2%2Fmedia&parent=142"}],"curies":[{"name":"wp","href":"https:\/\/api.w.org\/{rel}","templated":true}]}}