{"id":39,"date":"2022-04-12T07:17:14","date_gmt":"2022-04-12T07:17:14","guid":{"rendered":"http:\/\/localhost\/prueba\/?page_id=39"},"modified":"2022-04-18T12:55:33","modified_gmt":"2022-04-18T12:55:33","slug":"banda","status":"publish","type":"page","link":"https:\/\/jesusatado.com\/?page_id=39","title":{"rendered":"BANDA"},"content":{"rendered":"<div class=\"art-post-body\">\n<div class=\"art-post-inner\">\n<div class=\"art-postmetadataheader\">\n<h2 class=\"art-postheader\">Banda<\/h2>\n<\/div>\n<div class=\"art-postcontent\">\n<p><!-- article-content --><\/p>\n<div class=\"art-article\">\n<h2 class=\"rtecenter\"><strong>Banda de Cornetas, Tambores y Bombos<\/strong><\/h2>\n<p class=\"normal\" align=\"justify\">\u00a0\u00a0\u00a0\u00a0Nuestra Banda de cornetas, tambores y bombos, se forma por los a\u00f1os 1952\/53, en su principio con chicos del Colegio-Asilo de S. Nicol\u00e1s de Bari (conocida en aquellos a\u00f1os por la Banda de San Nicol\u00e1s), hasta el a\u00f1o 1965, en que desapareci\u00f3 como Colegio. Posteriormente a esta fecha la banda estuvo formada por antiguos alumnos de este colegio y otros chicos. As\u00ed fueron los distintos a\u00f1os, por los a\u00f1os 1970, formaban la misma, 6 timbales, 2 bombos, 1 caja y 12 cornetas. Llegamos a los a\u00f1os 1980\/90, en que se observa un cambio en toques, instrumental (se introducen las cajas redoblantes y los t\u00edpicos bombos del Bajo Arag\u00f3n). Aumentando en n\u00famero de 40, llegando al centenar en pocos a\u00f1os, y lo m\u00e1s positivo, que todos forman parte de la Hermandad, algunos de ellos con sus propios instrumentos y su propio h\u00e1bito. Actualmente son alrededor de 60 componentes, entre cornetas, tambores y bombos.<\/p>\n<p align=\"justify\"><img fetchpriority=\"high\" decoding=\"async\" class=\"wp-image-176 size-full alignnone\" src=\"https:\/\/jesusatado.com\/wp-content\/uploads\/2022\/04\/1952.jpg\" alt=\"\" width=\"400\" height=\"248\" srcset=\"https:\/\/jesusatado.com\/wp-content\/uploads\/2022\/04\/1952.jpg 400w, https:\/\/jesusatado.com\/wp-content\/uploads\/2022\/04\/1952-300x186.jpg 300w\" sizes=\"(max-width: 400px) 100vw, 400px\" \/><\/p>\n<p><!--\n\n\n<p class=\"normal rtecenter\">\n\t<img decoding=\"async\" alt=\"Banda de Jes\u00fas Atado a la Columna en el a\u00f1o 1952\" src=\"\/sites\/default\/files\/paginas\/1952.jpg\" style=\"width: 400px; height: 248px; margin: 10px;\">\n\n--><\/p>\n<p class=\"normal\" align=\"justify\">\u00a0 Nuestra Banda representa y ha representado a nuestra Hermandad, en muy distintos actos tanto en el \u00e1mbito provincial, como fuera de nuestra provincia; colaboro con la extinguida OJE, por los a\u00f1os 1973\/75, en la cabalgata de Reyes, Actos procesionales y en distintos actos en el Centro Penitenciario. Como personajes no nos olvidamos de aquel corneta que llevaba a los chicos de S. Nicol\u00e1s en sus comienzos Sr. de Leonardo. Posteriormente se hizo cargo de la misma Juan Miguel, m\u00e1s tarde Isidoro Villarroya, luego el d\u00fao Qui\u00f1\u00f3nes\/Genin, Tor\u00e1n y nuestro amigo Zapa hasta 2003, en la actualidad Manolo Gonzalvo.<\/p>\n<p align=\"justify\"><img decoding=\"async\" class=\"size-full wp-image-178 alignnone\" src=\"https:\/\/jesusatado.com\/wp-content\/uploads\/2022\/04\/banda00.jpg\" alt=\"\" width=\"300\" height=\"195\" \/><\/p>\n<p><!--\n\n\n<p class=\"normal rtecenter\">\n\t<img decoding=\"async\" alt=\"Banda Jes\u00fas Atado a la Columna en el a\u00f1o 2000\" src=\"\/sites\/default\/files\/paginas\/banda00.jpg\" style=\"width: 300px; height: 195px; margin: 10px;\">\n\n--><\/p>\n<p class=\"normal\" align=\"justify\">\u00a0\u00a0Todos ellos han aportado su buen saber y ense\u00f1ar, pero no olvidamos a Eugenio Romero (Genin) por sus toques, disciplina, buenos pulmones y gran persona, una lastima que hubiera de dejarlo por motivos profesionales. Igualmente podemos decir a nuestro amigo Luis Salvador (Zapa), viv\u00eda para su banda de cornetas, su cofrad\u00eda y la Semana Santa, hasta su marcha de Teruel por lazos familiares, aunque siempre lo tendremos en los actos procesionales. Pero tenemos otro referente dentro de esta, nuestra Banda, hablamos de Tom\u00e1s Maicas \u201cel t\u00edo Tom\u00e1s\u201d as\u00ed llamado cari\u00f1osamente, hab\u00eda formado parte de la Banda Municipal a las \u00f3rdenes del Maestro Fabregat, supliendo al caja de la Banda. Tambi\u00e9n fue cabo de tambores de una banda militar en \u00dabeda y en la banda de Encinacorba. Al Sr. Tom\u00e1s, le encomend\u00f3 la Hermandad formar la banda de tambores, as\u00ed lo hizo desde el a\u00f1o 1952, hasta los a\u00f1os 1980, en que por motivos de salud tubo que retirarse. Rindi\u00e9ndosele un homenaje popular el Domingo de Ramos de 1984 en la plaza del Torico, fue el \u00faltimo a\u00f1o que o\u00edmos su t\u00edpico redoble, un redoble para no olvidar.<\/p>\n<p class=\"normal\" align=\"justify\">\u00a0\u00a0\u00a0\u00a0Tampoco olvidamos a los distintos \u201ccajas\u201d que han ayudado al Sr. Tom\u00e1s o han llegado posteriormente a su retirada como Antonio G\u00f3mez, Manis, El Cacahuero, Salati&#8230;, todos ellos han ense\u00f1ado a los que la han llevado o ahora le llevan como \u00c1frica o Ana. Sin olvidar a nuestros bombos.<\/p>\n<\/div>\n<p><!-- \/article-content --><\/p>\n<\/div>\n<\/div>\n<\/div>\n","protected":false},"excerpt":{"rendered":"<p>Banda Banda de Cornetas, Tambores y Bombos \u00a0\u00a0\u00a0\u00a0Nuestra Banda de cornetas, tambores y bombos, se forma por los a\u00f1os 1952\/53, en su principio con chicos del Colegio-Asilo de S. Nicol\u00e1s de Bari (conocida en aquellos a\u00f1os por la Banda de San Nicol\u00e1s), hasta el a\u00f1o 1965, en que desapareci\u00f3 como Colegio. Posteriormente a esta fecha [&hellip;]<\/p>\n","protected":false},"author":2,"featured_media":0,"parent":0,"menu_order":0,"comment_status":"closed","ping_status":"closed","template":"","meta":{"footnotes":""},"class_list":["post-39","page","type-page","status-publish","hentry"],"yoast_head":"<!-- This site is optimized with the Yoast SEO plugin v27.2 - https:\/\/yoast.com\/product\/yoast-seo-wordpress\/ -->\n<title>BANDA -<\/title>\n<meta name=\"robots\" content=\"index, follow, max-snippet:-1, max-image-preview:large, max-video-preview:-1\" \/>\n<link rel=\"canonical\" href=\"https:\/\/jesusatado.com\/?page_id=39\" \/>\n<meta property=\"og:locale\" content=\"es_ES\" \/>\n<meta property=\"og:type\" content=\"article\" \/>\n<meta property=\"og:title\" content=\"BANDA -\" \/>\n<meta property=\"og:description\" content=\"Banda Banda de Cornetas, Tambores y Bombos \u00a0\u00a0\u00a0\u00a0Nuestra Banda de cornetas, tambores y bombos, se forma por los a\u00f1os 1952\/53, en su principio con chicos del Colegio-Asilo de S. Nicol\u00e1s de Bari (conocida en aquellos a\u00f1os por la Banda de San Nicol\u00e1s), hasta el a\u00f1o 1965, en que desapareci\u00f3 como Colegio. Posteriormente a esta fecha [&hellip;]\" \/>\n<meta property=\"og:url\" content=\"https:\/\/jesusatado.com\/?page_id=39\" \/>\n<meta property=\"article:modified_time\" content=\"2022-04-18T12:55:33+00:00\" \/>\n<meta property=\"og:image\" content=\"https:\/\/jesusatado.com\/wp-content\/uploads\/2022\/04\/1952.jpg\" \/>\n<meta name=\"twitter:card\" content=\"summary_large_image\" \/>\n<meta name=\"twitter:label1\" content=\"Tiempo de lectura\" \/>\n\t<meta name=\"twitter:data1\" content=\"3 minutos\" \/>\n<script type=\"application\/ld+json\" class=\"yoast-schema-graph\">{\"@context\":\"https:\/\/schema.org\",\"@graph\":[{\"@type\":\"WebPage\",\"@id\":\"https:\/\/jesusatado.com\/?page_id=39\",\"url\":\"https:\/\/jesusatado.com\/?page_id=39\",\"name\":\"BANDA -\",\"isPartOf\":{\"@id\":\"https:\/\/jesusatado.com\/#website\"},\"primaryImageOfPage\":{\"@id\":\"https:\/\/jesusatado.com\/?page_id=39#primaryimage\"},\"image\":{\"@id\":\"https:\/\/jesusatado.com\/?page_id=39#primaryimage\"},\"thumbnailUrl\":\"https:\/\/jesusatado.com\/wp-content\/uploads\/2022\/04\/1952.jpg\",\"datePublished\":\"2022-04-12T07:17:14+00:00\",\"dateModified\":\"2022-04-18T12:55:33+00:00\",\"breadcrumb\":{\"@id\":\"https:\/\/jesusatado.com\/?page_id=39#breadcrumb\"},\"inLanguage\":\"es\",\"potentialAction\":[{\"@type\":\"ReadAction\",\"target\":[\"https:\/\/jesusatado.com\/?page_id=39\"]}]},{\"@type\":\"ImageObject\",\"inLanguage\":\"es\",\"@id\":\"https:\/\/jesusatado.com\/?page_id=39#primaryimage\",\"url\":\"https:\/\/jesusatado.com\/wp-content\/uploads\/2022\/04\/1952.jpg\",\"contentUrl\":\"https:\/\/jesusatado.com\/wp-content\/uploads\/2022\/04\/1952.jpg\",\"width\":400,\"height\":248},{\"@type\":\"BreadcrumbList\",\"@id\":\"https:\/\/jesusatado.com\/?page_id=39#breadcrumb\",\"itemListElement\":[{\"@type\":\"ListItem\",\"position\":1,\"name\":\"Portada\",\"item\":\"https:\/\/jesusatado.com\/\"},{\"@type\":\"ListItem\",\"position\":2,\"name\":\"BANDA\"}]},{\"@type\":\"WebSite\",\"@id\":\"https:\/\/jesusatado.com\/#website\",\"url\":\"https:\/\/jesusatado.com\/\",\"name\":\"\",\"description\":\"Jes\u00fas Atado\",\"potentialAction\":[{\"@type\":\"SearchAction\",\"target\":{\"@type\":\"EntryPoint\",\"urlTemplate\":\"https:\/\/jesusatado.com\/?s={search_term_string}\"},\"query-input\":{\"@type\":\"PropertyValueSpecification\",\"valueRequired\":true,\"valueName\":\"search_term_string\"}}],\"inLanguage\":\"es\"}]}<\/script>\n<!-- \/ Yoast SEO plugin. -->","yoast_head_json":{"title":"BANDA -","robots":{"index":"index","follow":"follow","max-snippet":"max-snippet:-1","max-image-preview":"max-image-preview:large","max-video-preview":"max-video-preview:-1"},"canonical":"https:\/\/jesusatado.com\/?page_id=39","og_locale":"es_ES","og_type":"article","og_title":"BANDA -","og_description":"Banda Banda de Cornetas, Tambores y Bombos \u00a0\u00a0\u00a0\u00a0Nuestra Banda de cornetas, tambores y bombos, se forma por los a\u00f1os 1952\/53, en su principio con chicos del Colegio-Asilo de S. Nicol\u00e1s de Bari (conocida en aquellos a\u00f1os por la Banda de San Nicol\u00e1s), hasta el a\u00f1o 1965, en que desapareci\u00f3 como Colegio. Posteriormente a esta fecha [&hellip;]","og_url":"https:\/\/jesusatado.com\/?page_id=39","article_modified_time":"2022-04-18T12:55:33+00:00","og_image":[{"url":"https:\/\/jesusatado.com\/wp-content\/uploads\/2022\/04\/1952.jpg","type":"","width":"","height":""}],"twitter_card":"summary_large_image","twitter_misc":{"Tiempo de lectura":"3 minutos"},"schema":{"@context":"https:\/\/schema.org","@graph":[{"@type":"WebPage","@id":"https:\/\/jesusatado.com\/?page_id=39","url":"https:\/\/jesusatado.com\/?page_id=39","name":"BANDA -","isPartOf":{"@id":"https:\/\/jesusatado.com\/#website"},"primaryImageOfPage":{"@id":"https:\/\/jesusatado.com\/?page_id=39#primaryimage"},"image":{"@id":"https:\/\/jesusatado.com\/?page_id=39#primaryimage"},"thumbnailUrl":"https:\/\/jesusatado.com\/wp-content\/uploads\/2022\/04\/1952.jpg","datePublished":"2022-04-12T07:17:14+00:00","dateModified":"2022-04-18T12:55:33+00:00","breadcrumb":{"@id":"https:\/\/jesusatado.com\/?page_id=39#breadcrumb"},"inLanguage":"es","potentialAction":[{"@type":"ReadAction","target":["https:\/\/jesusatado.com\/?page_id=39"]}]},{"@type":"ImageObject","inLanguage":"es","@id":"https:\/\/jesusatado.com\/?page_id=39#primaryimage","url":"https:\/\/jesusatado.com\/wp-content\/uploads\/2022\/04\/1952.jpg","contentUrl":"https:\/\/jesusatado.com\/wp-content\/uploads\/2022\/04\/1952.jpg","width":400,"height":248},{"@type":"BreadcrumbList","@id":"https:\/\/jesusatado.com\/?page_id=39#breadcrumb","itemListElement":[{"@type":"ListItem","position":1,"name":"Portada","item":"https:\/\/jesusatado.com\/"},{"@type":"ListItem","position":2,"name":"BANDA"}]},{"@type":"WebSite","@id":"https:\/\/jesusatado.com\/#website","url":"https:\/\/jesusatado.com\/","name":"","description":"Jes\u00fas Atado","potentialAction":[{"@type":"SearchAction","target":{"@type":"EntryPoint","urlTemplate":"https:\/\/jesusatado.com\/?s={search_term_string}"},"query-input":{"@type":"PropertyValueSpecification","valueRequired":true,"valueName":"search_term_string"}}],"inLanguage":"es"}]}},"_links":{"self":[{"href":"https:\/\/jesusatado.com\/index.php?rest_route=\/wp\/v2\/pages\/39","targetHints":{"allow":["GET"]}}],"collection":[{"href":"https:\/\/jesusatado.com\/index.php?rest_route=\/wp\/v2\/pages"}],"about":[{"href":"https:\/\/jesusatado.com\/index.php?rest_route=\/wp\/v2\/types\/page"}],"author":[{"embeddable":true,"href":"https:\/\/jesusatado.com\/index.php?rest_route=\/wp\/v2\/users\/2"}],"replies":[{"embeddable":true,"href":"https:\/\/jesusatado.com\/index.php?rest_route=%2Fwp%2Fv2%2Fcomments&post=39"}],"version-history":[{"count":6,"href":"https:\/\/jesusatado.com\/index.php?rest_route=\/wp\/v2\/pages\/39\/revisions"}],"predecessor-version":[{"id":252,"href":"https:\/\/jesusatado.com\/index.php?rest_route=\/wp\/v2\/pages\/39\/revisions\/252"}],"wp:attachment":[{"href":"https:\/\/jesusatado.com\/index.php?rest_route=%2Fwp%2Fv2%2Fmedia&parent=39"}],"curies":[{"name":"wp","href":"https:\/\/api.w.org\/{rel}","templated":true}]}}